{"id":127,"date":"2024-01-22T11:13:04","date_gmt":"2024-01-22T10:13:04","guid":{"rendered":"https:\/\/nedswerk.de\/?page_id=127"},"modified":"2025-12-11T12:12:27","modified_gmt":"2025-12-11T11:12:27","slug":"promovierenden-netzwerk","status":"publish","type":"page","link":"https:\/\/nedswerk.de\/en\/promovierenden-netzwerk\/","title":{"rendered":"Promovierenden-Netzwerk"},"content":{"rendered":"<div data-elementor-type=\"wp-page\" data-elementor-id=\"127\" class=\"elementor elementor-127\">\n\t\t\t\t<div class=\"elementor-element elementor-element-50a2ec69 e-flex e-con-boxed e-con e-parent\" data-id=\"50a2ec69\" data-element_type=\"container\" data-e-type=\"container\">\n\t\t\t\t\t<div class=\"e-con-inner\">\n\t\t\t\t<div class=\"elementor-element elementor-element-21c74ea elementor-widget elementor-widget-text-editor\" data-id=\"21c74ea\" data-element_type=\"widget\" data-e-type=\"widget\" data-widget_type=\"text-editor.default\">\n\t\t\t\t<div class=\"elementor-widget-container\">\n\t\t\t\t\t\t\t\t\t<p><em>Liebe Promovierende,<\/em><\/p>\n<p><em>seit Dezember 2023 existiert unsere informelle Austauschgruppe, um inhaltlich an unseren Promotionsprojekten zu arbeiten, die sich im Feld der erwachsenenp\u00e4dagogischen Digitalisierungsforschung bewegen.<br \/><\/em><em>Wir treffen uns alle 4\u20136 Wochen, um gemeinsam ganz informell \u00fcber unsere Dissertationsthemen zu diskutieren. Das Kolloquium richtet sich an interessierte Promovierende, die im Bereich der erwachsenenp\u00e4dagogischen Digitalisierungsforschung forschen. Seit Dezember 2025 organisieren wir (Joshua Wilhelm und Henrik Weitzel) die digitalen Treffen. Bei Interesse an einer Teilnahme k\u00f6nnt ihr uns gerne unter <a href=\"mailto:joshua.wilhelm@uni-muenster.de\">joshua.wilhelm@uni-muenster.de<\/a> eine Mail schreiben.<br \/><br \/>Viele Gr\u00fc\u00dfe<br \/><br \/>Joshua Wilhelm und Henrik Weitzel<\/em><\/p>\t\t\t\t\t\t\t\t<\/div>\n\t\t\t\t<\/div>\n\t\t\t\t\t<\/div>\n\t\t\t\t<\/div>\n\t\t<div class=\"elementor-element elementor-element-2dd85d5 e-flex e-con-boxed e-con e-parent\" data-id=\"2dd85d5\" data-element_type=\"container\" data-e-type=\"container\">\n\t\t\t\t\t<div class=\"e-con-inner\">\n\t\t\t\t<div class=\"elementor-element elementor-element-e1969a9 elementor-widget elementor-widget-heading\" data-id=\"e1969a9\" data-element_type=\"widget\" data-e-type=\"widget\" data-widget_type=\"heading.default\">\n\t\t\t\t<div class=\"elementor-widget-container\">\n\t\t\t\t\t<h2 class=\"elementor-heading-title elementor-size-default\">R\u00fcckblick: Expert*innenaustausch zum Thema Disputation<\/h2>\t\t\t\t<\/div>\n\t\t\t\t<\/div>\n\t\t\t\t\t<\/div>\n\t\t\t\t<\/div>\n\t\t<div class=\"elementor-element elementor-element-da95184 e-flex e-con-boxed e-con e-parent\" data-id=\"da95184\" data-element_type=\"container\" data-e-type=\"container\">\n\t\t\t\t\t<div class=\"e-con-inner\">\n\t\t\t\t<div class=\"elementor-element elementor-element-64cb970 elementor-widget elementor-widget-text-editor\" data-id=\"64cb970\" data-element_type=\"widget\" data-e-type=\"widget\" data-widget_type=\"text-editor.default\">\n\t\t\t\t<div class=\"elementor-widget-container\">\n\t\t\t\t\t\t\t\t\t<p>Am Dienstag, den 02.12.2025, findet von 18.00 bis 19.00 Uhr im Rahmen des informellen Promovierendenkolloquiums des NEDswerk ein Expert*innenaustausch mit Jun.-Prof. Dr. Christian Leineweber der Otto-von-Guericke-Universit\u00e4t Magdeburg statt (online via Zoom). Er<br \/>wird praxisnah Einblicke geben, welche Aspekte bei einer Disputation besonders wichtig sein k\u00f6nnen und wie man sich idealerweise darauf vorbereitet. Bei Interesse an einer Teilnahme k\u00f6nnt ihr uns unter <a href=\"mailto:hannah.reuten@ph-freiburg.de\">hannah.reuten@ph-freiburg.de<\/a> eine Mail schicken, um die Zugangsdaten zu erhalten.<\/p>\t\t\t\t\t\t\t\t<\/div>\n\t\t\t\t<\/div>\n\t\t\t\t\t<\/div>\n\t\t\t\t<\/div>\n\t\t<div class=\"elementor-element elementor-element-904d697 e-flex e-con-boxed e-con e-parent\" data-id=\"904d697\" data-element_type=\"container\" data-e-type=\"container\">\n\t\t\t\t\t<div class=\"e-con-inner\">\n\t\t\t\t<div class=\"elementor-element elementor-element-ebe8a29 elementor-widget elementor-widget-heading\" data-id=\"ebe8a29\" data-element_type=\"widget\" data-e-type=\"widget\" data-widget_type=\"heading.default\">\n\t\t\t\t<div class=\"elementor-widget-container\">\n\t\t\t\t\t<h2 class=\"elementor-heading-title elementor-size-default\">R\u00fcckblick: Expert*innenaustaustausch zur kumulativen Dissertation<\/h2>\t\t\t\t<\/div>\n\t\t\t\t<\/div>\n\t\t\t\t\t<\/div>\n\t\t\t\t<\/div>\n\t\t<div class=\"elementor-element elementor-element-de0bf32 e-flex e-con-boxed e-con e-parent\" data-id=\"de0bf32\" data-element_type=\"container\" data-e-type=\"container\">\n\t\t\t\t\t<div class=\"e-con-inner\">\n\t\t\t\t<div class=\"elementor-element elementor-element-0920d68 elementor-widget elementor-widget-text-editor\" data-id=\"0920d68\" data-element_type=\"widget\" data-e-type=\"widget\" data-widget_type=\"text-editor.default\">\n\t\t\t\t<div class=\"elementor-widget-container\">\n\t\t\t\t\t\t\t\t\t<p><em>Am Dienstag, den 13.05.2025, fand von 18.00 bis 19.00 Uhr ein Online-Expert*innenaustausch via Zoom mit Dr. Christian Helbig, Mitglied des Promotionsausschusses der Fakult\u00e4t KSW an der FernUniversit\u00e4t in Hagen statt. Im Mittelpunkt stand das Thema kumulative Dissertationen. Christian Helbig gab uns Einblicke in die Besonderheiten von kumulativen Dissertationen und erl\u00e4uterte sowohl die Chancen als auch die Herausforderungen, die damit verbunden sind. In der anschlie\u00dfenden Diskussion tauschten wir uns \u00fcber verschiedene Publikationsstrategien aus und sprachen dar\u00fcber, wie man konstruktiv mit Reviews umgehen kann. Die Teilnehmenden erhielten dadurch nicht nur wertvolle Informationen aus der Praxis, sondern auch konkrete Anregungen f\u00fcr den eigenen Promotionsweg.<\/em><\/p>\t\t\t\t\t\t\t\t<\/div>\n\t\t\t\t<\/div>\n\t\t\t\t\t<\/div>\n\t\t\t\t<\/div>\n\t\t\t\t<\/div>","protected":false},"excerpt":{"rendered":"<p>Liebe Promovierende, seit Dezember 2023 existiert unsere informelle Austauschgruppe, um inhaltlich an unseren Promotionsprojekten zu arbeiten, die sich im Feld der erwachsenenp\u00e4dagogischen Digitalisierungsforschung bewegen.Wir treffen uns alle 4\u20136 Wochen, um gemeinsam ganz informell \u00fcber unsere Dissertationsthemen zu diskutieren. Das Kolloquium richtet sich an interessierte Promovierende, die im Bereich der erwachsenenp\u00e4dagogischen Digitalisierungsforschung forschen. Seit Dezember 2025 &#8230; <a title=\"Promovierenden-Netzwerk\" class=\"read-more\" href=\"https:\/\/nedswerk.de\/en\/promovierenden-netzwerk\/\" aria-label=\"Read more about Promovierenden-Netzwerk\">Read more<\/a><\/p>","protected":false},"author":1,"featured_media":0,"parent":0,"menu_order":0,"comment_status":"closed","ping_status":"closed","template":"","meta":{"_themeisle_gutenberg_block_has_review":false,"footnotes":""},"class_list":["post-127","page","type-page","status-publish"],"_links":{"self":[{"href":"https:\/\/nedswerk.de\/en\/wp-json\/wp\/v2\/pages\/127","targetHints":{"allow":["GET"]}}],"collection":[{"href":"https:\/\/nedswerk.de\/en\/wp-json\/wp\/v2\/pages"}],"about":[{"href":"https:\/\/nedswerk.de\/en\/wp-json\/wp\/v2\/types\/page"}],"author":[{"embeddable":true,"href":"https:\/\/nedswerk.de\/en\/wp-json\/wp\/v2\/users\/1"}],"replies":[{"embeddable":true,"href":"https:\/\/nedswerk.de\/en\/wp-json\/wp\/v2\/comments?post=127"}],"version-history":[{"count":22,"href":"https:\/\/nedswerk.de\/en\/wp-json\/wp\/v2\/pages\/127\/revisions"}],"predecessor-version":[{"id":1296,"href":"https:\/\/nedswerk.de\/en\/wp-json\/wp\/v2\/pages\/127\/revisions\/1296"}],"wp:attachment":[{"href":"https:\/\/nedswerk.de\/en\/wp-json\/wp\/v2\/media?parent=127"}],"curies":[{"name":"wp","href":"https:\/\/api.w.org\/{rel}","templated":true}]}}

<div data-elementor-type="wp-page" data-elementor-id="127" class="elementor elementor-127">
				<div class="elementor-element elementor-element-50a2ec69 e-flex e-con-boxed e-con e-parent" data-id="50a2ec69" data-element_type="container" data-e-type="container">
					<div class="e-con-inner">
				<div class="elementor-element elementor-element-21c74ea elementor-widget elementor-widget-text-editor" data-id="21c74ea" data-element_type="widget" data-e-type="widget" data-widget_type="text-editor.default">
				<div class="elementor-widget-container">
									<p><em>Liebe Promovierende,</em></p>
<p><em>seit Dezember 2023 existiert unsere informelle Austauschgruppe, um inhaltlich an unseren Promotionsprojekten zu arbeiten, die sich im Feld der erwachsenenpädagogischen Digitalisierungsforschung bewegen.<br /></em><em>Wir treffen uns alle 4–6 Wochen, um gemeinsam ganz informell über unsere Dissertationsthemen zu diskutieren. Das Kolloquium richtet sich an interessierte Promovierende, die im Bereich der erwachsenenpädagogischen Digitalisierungsforschung forschen. Seit Dezember 2025 organisieren wir (Joshua Wilhelm und Henrik Weitzel) die digitalen Treffen. Bei Interesse an einer Teilnahme könnt ihr uns gerne unter <a href="mailto:joshua.wilhelm@uni-muenster.de">joshua.wilhelm@uni-muenster.de</a> eine Mail schreiben.<br /><br />Viele Grüße<br /><br />Joshua Wilhelm und Henrik Weitzel</em></p>								</div>
				</div>
					</div>
				</div>
		<div class="elementor-element elementor-element-2dd85d5 e-flex e-con-boxed e-con e-parent" data-id="2dd85d5" data-element_type="container" data-e-type="container">
					<div class="e-con-inner">
				<div class="elementor-element elementor-element-e1969a9 elementor-widget elementor-widget-heading" data-id="e1969a9" data-element_type="widget" data-e-type="widget" data-widget_type="heading.default">
				<div class="elementor-widget-container">
					<h2 class="elementor-heading-title elementor-size-default">Rückblick: Expert*innenaustausch zum Thema Disputation</h2>				</div>
				</div>
					</div>
				</div>
		<div class="elementor-element elementor-element-da95184 e-flex e-con-boxed e-con e-parent" data-id="da95184" data-element_type="container" data-e-type="container">
					<div class="e-con-inner">
				<div class="elementor-element elementor-element-64cb970 elementor-widget elementor-widget-text-editor" data-id="64cb970" data-element_type="widget" data-e-type="widget" data-widget_type="text-editor.default">
				<div class="elementor-widget-container">
									<p>Am Dienstag, den 02.12.2025, findet von 18.00 bis 19.00 Uhr im Rahmen des informellen Promovierendenkolloquiums des NEDswerk ein Expert*innenaustausch mit Jun.-Prof. Dr. Christian Leineweber der Otto-von-Guericke-Universität Magdeburg statt (online via Zoom). Er<br />wird praxisnah Einblicke geben, welche Aspekte bei einer Disputation besonders wichtig sein können und wie man sich idealerweise darauf vorbereitet. Bei Interesse an einer Teilnahme könnt ihr uns unter <a href="mailto:hannah.reuten@ph-freiburg.de">hannah.reuten@ph-freiburg.de</a> eine Mail schicken, um die Zugangsdaten zu erhalten.</p>								</div>
				</div>
					</div>
				</div>
		<div class="elementor-element elementor-element-904d697 e-flex e-con-boxed e-con e-parent" data-id="904d697" data-element_type="container" data-e-type="container">
					<div class="e-con-inner">
				<div class="elementor-element elementor-element-ebe8a29 elementor-widget elementor-widget-heading" data-id="ebe8a29" data-element_type="widget" data-e-type="widget" data-widget_type="heading.default">
				<div class="elementor-widget-container">
					<h2 class="elementor-heading-title elementor-size-default">Rückblick: Expert*innenaustaustausch zur kumulativen Dissertation</h2>				</div>
				</div>
					</div>
				</div>
		<div class="elementor-element elementor-element-de0bf32 e-flex e-con-boxed e-con e-parent" data-id="de0bf32" data-element_type="container" data-e-type="container">
					<div class="e-con-inner">
				<div class="elementor-element elementor-element-0920d68 elementor-widget elementor-widget-text-editor" data-id="0920d68" data-element_type="widget" data-e-type="widget" data-widget_type="text-editor.default">
				<div class="elementor-widget-container">
									<p><em>Am Dienstag, den 13.05.2025, fand von 18.00 bis 19.00 Uhr ein Online-Expert*innenaustausch via Zoom mit Dr. Christian Helbig, Mitglied des Promotionsausschusses der Fakultät KSW an der FernUniversität in Hagen statt. Im Mittelpunkt stand das Thema kumulative Dissertationen. Christian Helbig gab uns Einblicke in die Besonderheiten von kumulativen Dissertationen und erläuterte sowohl die Chancen als auch die Herausforderungen, die damit verbunden sind. In der anschließenden Diskussion tauschten wir uns über verschiedene Publikationsstrategien aus und sprachen darüber, wie man konstruktiv mit Reviews umgehen kann. Die Teilnehmenden erhielten dadurch nicht nur wertvolle Informationen aus der Praxis, sondern auch konkrete Anregungen für den eigenen Promotionsweg.</em></p>								</div>
				</div>
					</div>
				</div>
				</div>

<p>Liebe Promovierende, seit Dezember 2023 existiert unsere informelle Austauschgruppe, um inhaltlich an unseren Promotionsprojekten zu arbeiten, die sich im Feld der erwachsenenpädagogischen Digitalisierungsforschung bewegen.Wir treffen uns alle 4–6 Wochen, um gemeinsam ganz informell über unsere Dissertationsthemen zu diskutieren. Das Kolloquium richtet sich an interessierte Promovierende, die im Bereich der erwachsenenpädagogischen Digitalisierungsforschung forschen. Seit Dezember 2025 &#8230; <a title="Promovierenden-Netzwerk" class="read-more" href="https://nedswerk.de/en/promovierenden-netzwerk/" aria-label="Read more about Promovierenden-Netzwerk">Read more</a></p>
